(l) = -7*l**2 - 31*l + 4. Let f(t) = -4*t**2 - 16*t + 2. Suppose 0 = -4*n + 13 - 1. Let x(a) = n*o(a) - 5*f(a). What is the tens digit of x(-9)?
3
Let y(c) = -20*c - 1. Let k = 9 - 4. Let h(q) = q - 7. Let w be h(k). What is the units digit of y(w)?
9
Suppose -613 = -40*k + 39*k. What is the units digit of k?
3
Suppose -h = 3*n + 4, -2*n = 2*h - 5*n - 28. Suppose 0 = h*b - 71 - 25. What is the tens digit of b?
1
Let t = 82 + 296. What is the units digit of t?
8
Let p = -1468 - -2878. What is the thousands digit of p?
1
Let i be 1/(2/24) + 2. Let g = i + -9. Let d = 7 - g. What is the units digit of d?
2
Let d = 36 - 93. What is the tens digit of (d/(-12))/((-70)/24 - -3)?
5
Let l(z) = 5*z - 5. Let g be l(5). Let k(h) = h**3 - 20*h**2 + 4*h - 14. What is the tens digit of k(g)?
6
Let s be (-6)/(-8) + -2 + 5605/4. Suppose 4*r + 6*r = s. What is the hundreds digit of r?
1
Let v = -3 - -5. Suppose -4 = c, d - v*c = -c + 206. What is the tens digit of d?
0
Let h be (3/4)/(6/16). Let q be (-91)/(-4) - (-2)/8. Suppose 2*v + 24 = h*m, 4*m - v - q - 34 = 0. What is the tens digit of m?
1
Suppose -14*v - 3*v + 5168 = 0. What is the tens digit of v?
0
Suppose -3*j - 5*z = -47, z + 10 = -z. Let l be j/14 - 2/(-7). Suppose l = h - 1. What is the units digit of h?
3
Let z = -1157 + 1727. Suppose -u = -2*x + 3*u + z, -4*x - 3*u = -1151. What is the hundreds digit of x?
2
Let p be ((-15)/20)/(2/(-8)). Let z(s) = 4*s**2 - 6*s**2 + 6*s**2 + 5*s - p*s**2 - 5. What is the units digit of z(-8)?
9
Let x be 54/36*10/3. Suppose -1 = x*t - 16. Suppose t*f - 27 = 51. What is the units digit of f?
6
Let r(q) = q**2 + q. Let h be r(4). Suppose -s + 3*s = h. What is the units digit of s?
0
Suppose 18*f - 4986 = 12*f. What is the units digit of f?
1
Suppose 3*i - 14 = -2. Let y be ((-43)/i)/((-2)/8). Suppose p - y = -h + 8, -2*h + 77 = -3*p. What is the units digit of h?
6
Let l(x) be the third derivative of x**4/12 - x**3/3 + 11*x**2. What is the tens digit of l(6)?
1
Let v = 455 - 212. Let r = v - 123. What is the hundreds digit of r?
1
Suppose 0 = -5*j + j - b - 37, 4*j + 5*b + 57 = 0. Let k = 60 + j. What is the units digit of k?
2
Let j(h) = -205*h - 3. Let u be j(-2). Suppose 0 = 2*i - u + 87. Suppose -v + x + 46 = 0, 3*v + v - i = -4*x. What is the units digit of v?
3
What is the tens digit of (-12 - -16) + 1*116?
2
Let b = 29 - 9. Suppose -5 = -2*w - v + 5, 5*v = 4*w - b. Suppose -207 + 20 = -w*k + 4*t, 0 = -5*k - 4*t + 203. What is the units digit of k?
9
Let x(p) = -p**2 - 19*p - 24. Let o be 99/(-6) - (-2)/(-4). Let g be x(o). Suppose v + 5*u = 1 + g, v - 17 = -3*u. What is the units digit of v?
6
Suppose 5*f - 11 - 15 = i, 3*i = -2*f - 10. Let r(a) = 6*a + 7. Let l be r(i). What is the units digit of (-2 - 0) + 3 - l?
0
Let h be -3*(-4)/(-3) + 51. Suppose -5*a = -6*a + h. What is the units digit of a?
7
Suppose -130 - 10 = -4*v. Suppose -v = 5*r - 190. What is the units digit of r?
1
Let d(g) = -g**2 - 13*g - 11. Suppose 0 = 3*y + j + 29, 0 = 5*y + 5*j + 28 + 37. What is the units digit of d(y)?
9
Suppose -5*j + 4*p - 4760 = 0, -p = -5*p. Let b = -642 - j. Suppose 2*s - 3*n - 54 = 55, 5*s - b = -5*n. What is the units digit of s?
9
Let c(t) be the second derivative of t**4/6 - 2*t**2 - 6*t. Let p(z) be the first derivative of c(z). What is the tens digit of p(10)?
4
Let b(r) be the third derivative of r**4/8 + r**3/2 + 5*r**2. Let j be b(-3). Let h(a) = -a**2 - 11*a. What is the units digit of h(j)?
0
What is the hundreds digit of (-4510)/123*30/(-4)?
2
Let h(b) = b**3 + 16*b**2 - 16*b + 17. Let o be h(-17). Let q be (59 + -4)/(o - -1). Let n = q + -2. What is the units digit of n?
3
Let f = 683 + -354. Let n = -75 + f. What is the units digit of n?
4
Suppose -7*a + 1005 = -857. What is the hundreds digit of a?
2
Suppose -20*b = 4*b - 49584. What is the thousands digit of b?
2
Let l be 3*7/((-42)/(-16)). Let m(g) = -g + 10. Let p be m(l). Suppose 4*f - p = 122. What is the units digit of f?
1
Let m = 25 - 20. Suppose -b = -m*c - 15, 1 + 8 = 4*b - 3*c. Suppose -d + 0*d - 36 = -t, 4*t - 5*d - 149 = b. What is the tens digit of t?
3
Let k be (5 - 4)*2/(-1). Let a(o) = -o - 2. Let v be a(k). Suppose -2*j + 3*g + 38 = 0, j - 21 = -v*j + g. What is the units digit of j?
5
Let m(q) = 82*q**3 - q**2 - 11*q + 22. What is the thousands digit of m(3)?
2
Let o(m) = 3*m**3 - 2*m**2 + 1. Let h be o(-1). Let a(y) = y**2 + 4*y + 2. Let d be a(h). Suppose -d*t = t - 30. What is the units digit of t?
0
Let o(d) be the third derivative of -d**6/30 + d**5/30 + d**4/12 - d**3/3 + 2*d**2 + 2. Suppose 0 = 4*y, -4*y = -g + 6*g + 10. What is the tens digit of o(g)?
3
Let h = -2 - -4. Let q(k) = -k**3 + k**2 + 4*k - 2. Let i be q(h). What is the units digit of (-8)/((-24)/(-15) - i)?
0
Let w(g) be the second derivative of 0 + 5/6*g**3 - 2*g - 9/2*g**2. What is the units digit of w(9)?
6
Let r be 2 - 1 - (1 - 3). Let f be 12 - (2 + -5)/r. Suppose -2 + 11 = -3*c, v + 5*c = -f. What is the units digit of v?
2
Suppose 0 = o + 2*m - 7, 6*m - 2*m = -3*o + 31. Suppose j = 2*j - o. Suppose 0 = n - j - 1. What is the units digit of n?
8
Let u be 10/(-25) - (-2)/5. Suppose u = 5*q - 201 - 179. What is the units digit of q?
6
Suppose m - 5*m = -4. Suppose 0 = -o + 82 - m. What is the units digit of o?
1
Let v = -2433 + 5350. What is the tens digit of v?
1
Let v(f) = -26*f**3 + 20*f**2 + 68*f - 17. What is the tens digit of v(-5)?
9
Let o be ((-66)/176)/(2/(-16)). Suppose -149 = -3*p - 2*a - 2*a, -119 = -o*p + 2*a. What is the tens digit of p?
4
Let q(y) = -y**3 - 2*y**2 - y + 2. Let m be q(-2). Let z be (m/(-10))/(8/(-440)). Suppose b + z = 3*b. What is the tens digit of b?
1
Suppose -559*w = -557*w - 8572. What is the tens digit of w?
8
Let b(z) = -2*z + 4. Let y be b(1). Suppose d = -y + 271. What is the tens digit of d?
6
Let w(p) = -10*p - 62. What is the tens digit of w(-8)?
1
Let h(q) = 4*q**3 + 13*q**2 - q - 16. Let t(y) = y**3 + 3*y**2 - 4. Let d(n) = -2*h(n) + 9*t(n). What is the units digit of d(4)?
4
Let f(q) = 3*q**2 + 4*q**2 - q + 2 - 3*q**2. Let m = 14 - 12. What is the tens digit of f(m)?
1
Suppose 7*j = -5*c + 10*j + 7214, -4*c - 4*j + 5752 = 0. What is the hundreds digit of c?
4
Suppose 3*h + 3*f - 1917 = 0, -9 = 7*f - 4*f. What is the units digit of h?
2
Let l = -33 - -35. Let i(g) = 27*g**2. What is the hundreds digit of i(l)?
1
Suppose -3*s = -4*s + 2*b + 420, s = 3*b + 422. What is the units digit of s?
6
Suppose -2*v - 3 = -7. Suppose -18 = -v*k + 46. What is the units digit of k?
2
Suppose -2*y + y = -5*g + 3650, -754 = -g + 5*y. What is the tens digit of g?
2
Let y(n) = 45*n. Let b = 61 + -57. What is the tens digit of y(b)?
8
Let u(w) = w**2 - 10. Let h be u(8). Suppose -2*c + 101 = 3*t, 4*t + c + 0*c - 133 = 0. Let q = h - t. What is the units digit of q?
1
Suppose -b + 5*z = -24, 7*b - 2*b - z = 24. Suppose -b*a = -2*a + 76. Let c = -14 - a. What is the units digit of c?
4
Let l(i) = i**3 + 11*i**2 - 4*i - 11. What is the thousands digit of l(8)?
1
Suppose 320 + 790 = 2*l. Suppose -k - h + 159 = 0, -2*h - l + 58 = -3*k. What is the tens digit of k?
6
Let a(l) be the second derivative of -l**5/20 + 7*l**4/6 + 8*l**3/3 + l**2 + l. Let q(i) = 8*i - 1. Let x be q(2). What is the units digit of a(x)?
7
Let d be (8/(-28))/((-2)/28). Suppose 2*j = -d*j + 282. What is the units digit of j?
7
Suppose 2*s - 683 = -c, -2*c + 5*s = -s - 1366. What is the tens digit of c?
8
Let b(p) = 3*p - 5. Let t be b(2). Let a be 4/t + 0/1. What is the tens digit of (a + -1)*(-76)/(-12)?
1
Let u = -351 - -842. What is the tens digit of u?
9
Let o = -4 - 8. What is the units digit of (-2)/(-6) - 8/o?
1
Let x = 156 - -427. What is the units digit of x?
3
Let x(y) = -y**3 - 5*y**2 - 34*y - 53. What is the units digit of x(-14)?
7
Let p be (-4 + 4)/1 - -481. Suppose -8*h - 73 = -p. What is the tens digit of h?
5
Let p be 2 + 0/(3 - 1). Let w be p/((-5)/(325/2)). Let x = -38 - w. What is the tens digit of x?
2
Let i(q) = 192*q - 8. What is the thousands digit of i(9)?
1
Let b = 98 + 167. What is the hundreds digit of b?
2
What is the units digit of (0 + (-255)/(-20))/(21/476)?
9
Let d be 4/(-3) + 7/(63/(-2580)). Let y = -46 - d. What is the hundreds digit of y?
2
Let q(r) = -15 + 60 - 16 - 10 + 5